{"id":75,"date":"2017-03-07T09:19:10","date_gmt":"2017-03-07T09:19:10","guid":{"rendered":"http:\/\/www.edugestio.com\/web\/?page_id=75"},"modified":"2024-09-02T14:02:16","modified_gmt":"2024-09-02T14:02:16","slug":"contacta-2","status":"publish","type":"page","link":"https:\/\/www.edugestio.com\/web\/contacta-2\/","title":{"rendered":"Contacta"},"content":{"rendered":"\n<div class=\"wp-block-columns has-background is-layout-flex wp-container-core-columns-is-layout-9d6595d7 wp-block-columns-is-layout-flex\" style=\"background-color:#8dd2fc17\">\n<div class=\"wp-block-column is-vertically-aligned-center is-layout-flow wp-block-column-is-layout-flow\" style=\"flex-basis:33.33%\"><div class=\"wp-block-image\">\n<figure class=\"aligncenter size-full is-resized\"><img loading=\"lazy\" decoding=\"async\" width=\"350\" height=\"236\" src=\"https:\/\/www.edugestio.com\/web\/wp-content\/uploads\/2024\/09\/Duma_logo_2022-transparent-1024x691-350x236-1.png\" alt=\"\" class=\"wp-image-901\" style=\"aspect-ratio:1.4830508474576272;object-fit:cover;width:150px\" srcset=\"https:\/\/www.edugestio.com\/web\/wp-content\/uploads\/2024\/09\/Duma_logo_2022-transparent-1024x691-350x236-1.png 350w, https:\/\/www.edugestio.com\/web\/wp-content\/uploads\/2024\/09\/Duma_logo_2022-transparent-1024x691-350x236-1-300x202.png 300w\" sizes=\"auto, (max-width: 350px) 100vw, 350px\" \/><\/figure>\n<\/div><\/div>\n\n\n\n<div class=\"wp-block-column is-vertically-aligned-center is-layout-flow wp-block-column-is-layout-flow\" style=\"flex-basis:66.66%\">\n<p><strong>Edugesti\u00f3<\/strong> \u00e9s un servei de&nbsp;<a rel=\"noreferrer noopener\" href=\"https:\/\/www.dumainteractiva.com\/web\/ca\/\" target=\"_blank\">Duma Next<\/a>, formada per professionals de la tecnologia i la comunicaci\u00f3 amb m\u00e9s de 20 anys d\u2019experi\u00e8ncia.<\/p>\n<\/div>\n<\/div>\n\n\n\n<div style=\"height:20px\" aria-hidden=\"true\" class=\"wp-block-spacer\"><\/div>\n\n\n\n<p>Mitjan\u00e7ant aquest formulari pots enviar-nos qualsevol dubte o sol\u00b7licitud de pressupost i et respondrem al m\u00e9s aviat possible, o si ho prefereixes pots contactar amb nosaltres per tel\u00e8fon&nbsp;(horari d&#8217;oficina).<\/p>\n\n\n\n<div class=\"wp-block-columns is-layout-flex wp-container-core-columns-is-layout-9d6595d7 wp-block-columns-is-layout-flex\">\n<div class=\"wp-block-column is-layout-flow wp-block-column-is-layout-flow\">\n<h4 class=\"wp-block-heading\">Barcelona<\/h4>\n\n\n\n<ul class=\"wp-block-list\">\n<li>C\/Santa Teresa, 39, 1\u00ba, 08302 Matar\u00f3 (Barcelona)<\/li>\n\n\n\n<li><a href=\"tel:+34 930 133 503\">+34 930 133 503<\/a><\/li>\n\n\n\n<li><a href=\"tel:+34 606 279 337\">+34 606 279 337<\/a><\/li>\n\n\n\n<li><a href=\"mailto:info@dumainteractiva.com\">info@dumainteractiva.com<\/a><\/li>\n<\/ul>\n\n\n\n<iframe src=\"https:\/\/www.google.com\/maps\/embed?pb=!1m18!1m12!1m3!1d2986.3526370722484!2d2.4380771154305347!3d41.53996137925049!2m3!1f0!2f0!3f0!3m2!1i1024!2i768!4f13.1!3m3!1m2!1s0x12a4b51f56d96147%3A0x294cbce3cddc2701!2sDuma%20Interactiva!5e0!3m2!1ses!2ses!4v1652089532672!5m2!1ses!2ses\" width=\"100%\" height=\"200\" style=\"border:0;\" allowfullscreen=\"\" loading=\"lazy\" referrerpolicy=\"no-referrer-when-downgrade\"><\/iframe>\n\n\n\n<p><\/p>\n\n\n\n<h4 class=\"wp-block-heading\">Murcia<\/h4>\n\n\n\n<ul class=\"wp-block-list\">\n<li>Archena (Murcia)<\/li>\n\n\n\n<li><a href=\"tel:+34 930 133 503\">+34 930 133 503<\/a><\/li>\n\n\n\n<li><a href=\"tel:+34 606 279 337\">+34 606 279 337<\/a><\/li>\n\n\n\n<li><a href=\"mailto:info@dumainteractiva.com\">info@dumainteractiva.com<\/a><\/li>\n<\/ul>\n\n\n\n<iframe src=\"https:\/\/www.google.com\/maps\/embed?pb=!1m18!1m12!1m3!1d12555.952158545459!2d-1.3124207721982797!3d38.117212657070645!2m3!1f0!2f0!3f0!3m2!1i1024!2i768!4f13.1!3m3!1m2!1s0xd647a3e78e55b85%3A0x6dbd706b5c515aaf!2sArchena%2C%20Murcia!5e0!3m2!1ses!2ses!4v1652091172337!5m2!1ses!2ses\" width=\"100%\" height=\"200\" style=\"border:0;\" allowfullscreen=\"\" loading=\"lazy\" referrerpolicy=\"no-referrer-when-downgrade\"><\/iframe>\n<\/div>\n\n\n\n<div class=\"wp-block-column is-vertically-aligned-top is-layout-flow wp-block-column-is-layout-flow\">\n<div style=\"height:50px\" aria-hidden=\"true\" class=\"wp-block-spacer\"><\/div>\n\n\n\n<div class=\"wp-block-contact-form-7-contact-form-selector\">\n<div class=\"wpcf7 no-js\" id=\"wpcf7-f38-o1\" lang=\"es-ES\" dir=\"ltr\" data-wpcf7-id=\"38\">\n<div class=\"screen-reader-response\"><p role=\"status\" aria-live=\"polite\" aria-atomic=\"true\"><\/p> <ul><\/ul><\/div>\n<form action=\"\/web\/wp-json\/wp\/v2\/pages\/75#wpcf7-f38-o1\" method=\"post\" class=\"wpcf7-form init\" aria-label=\"Formulario de contacto\" novalidate=\"novalidate\" data-status=\"init\">\n<fieldset class=\"hidden-fields-container\"><input type=\"hidden\" name=\"_wpcf7\" value=\"38\" \/><input type=\"hidden\" name=\"_wpcf7_version\" value=\"6.1.5\" \/><input type=\"hidden\" name=\"_wpcf7_locale\" value=\"es_ES\" \/><input type=\"hidden\" name=\"_wpcf7_unit_tag\" value=\"wpcf7-f38-o1\" \/><input type=\"hidden\" name=\"_wpcf7_container_post\" value=\"0\" \/><input type=\"hidden\" name=\"_wpcf7_posted_data_hash\" value=\"\" \/><input type=\"hidden\" name=\"_wpcf7_recaptcha_response\" value=\"\" \/>\n<\/fieldset>\n<p><label  style=\"text-align: left;\"> Nom *<br \/>\n<span class=\"wpcf7-form-control-wrap\" data-name=\"your-name\"><input size=\"40\" maxlength=\"400\" class=\"wpcf7-form-control wpcf7-text wpcf7-validates-as-required\" aria-required=\"true\" aria-invalid=\"false\" value=\"\" type=\"text\" name=\"your-name\" \/><\/span> <\/label>\n<\/p>\n<p><label  style=\"text-align: left;\"> Correu electr\u00f2nic *<br \/>\n<span class=\"wpcf7-form-control-wrap\" data-name=\"your-email\"><input size=\"40\" maxlength=\"400\" class=\"wpcf7-form-control wpcf7-email wpcf7-validates-as-required wpcf7-text wpcf7-validates-as-email\" aria-required=\"true\" aria-invalid=\"false\" value=\"\" type=\"email\" name=\"your-email\" \/><\/span> <\/label>\n<\/p>\n<p><label  style=\"text-align: left;\"> Tel\u00e8fon *<br \/>\n<span class=\"wpcf7-form-control-wrap\" data-name=\"Telfonobligatori\"><input size=\"40\" maxlength=\"400\" class=\"wpcf7-form-control wpcf7-tel wpcf7-validates-as-required wpcf7-text wpcf7-validates-as-tel\" aria-required=\"true\" aria-invalid=\"false\" value=\"\" type=\"tel\" name=\"Telfonobligatori\" \/><\/span><\/label>\n<\/p>\n<p><label  style=\"text-align: left;\"> Missatge<br \/>\n<span class=\"wpcf7-form-control-wrap\" data-name=\"your-message\"><textarea cols=\"40\" rows=\"10\" maxlength=\"2000\" class=\"wpcf7-form-control wpcf7-textarea\" aria-invalid=\"false\" name=\"your-message\"><\/textarea><\/span> <\/label><br \/>\n\n<\/p>\n<p><input class=\"wpcf7-form-control wpcf7-submit has-spinner\" type=\"submit\" value=\"Enviar\" \/>\n<\/p>\n<p><span class=\"wpcf7-form-control-wrap\" data-name=\"acceptance-policity\"><span class=\"wpcf7-form-control wpcf7-acceptance\"><span class=\"wpcf7-list-item\"><label><input type=\"checkbox\" name=\"acceptance-policity\" value=\"1\" aria-invalid=\"false\" \/><span class=\"wpcf7-list-item-label\"><strong>Acceptaci\u00f3 de la protecci\u00f3 de dades<\/strong>. En compliment del nou reglament de protecci\u00f3 de dades l'informem que les seves dades personals quedaran incorporades i seran tractades als fitxers de Duma Next, amb la finalitat de poder-li prestar els nostres serveis, aix\u00ed com enviar-li comunicats informatius o comercials. Aix\u00ed mateix, l'informem de la possibilitat que exerceixi els drets d'acc\u00e9s, rectificaci\u00f3, cancel\u00b7laci\u00f3 i oposici\u00f3 de les seves dades de car\u00e0cter personal a <a href=\"mailto:info@dumainteractiva.com\">info@dumainteractiva.com<\/a><\/span><\/label><\/span><\/span><\/span>\n<\/p><div class=\"wpcf7-response-output\" aria-hidden=\"true\"><\/div>\n<\/form>\n<\/div>\n<\/div>\n\n\n\n<p class=\"has-text-align-right has-small-font-size\">Este sitio est\u00e1 protegido por reCAPTCHA de Google <a rel=\"noreferrer noopener\" href=\"https:\/\/policies.google.com\/privacy?hl=es\" target=\"_blank\">Privacidad<\/a> \u00b7 <a rel=\"noreferrer noopener\" href=\"https:\/\/policies.google.com\/terms?hl=es\" target=\"_blank\">T\u00e9rminos<\/a><\/p>\n<\/div>\n<\/div>\n","protected":false},"excerpt":{"rendered":"<p class=\"qua-blog-post-description\">Edugesti\u00f3 \u00e9s un servei de&nbsp;Duma Next, formada per professionals de la tecnologia i la comunicaci\u00f3 amb m\u00e9s de 20 anys d\u2019experi\u00e8ncia. Mitjan\u00e7ant aquest formulari pots enviar-nos qualsevol dubte o sol\u00b7licitud de pressupost i et respondrem al m\u00e9s aviat possible, o si ho prefereixes pots contactar amb nosaltres per tel\u00e8fon&nbsp;(horari d&#8217;oficina). Barcelona Murcia Este sitio est\u00e1 [&hellip;]<\/p>\n","protected":false},"author":1,"featured_media":0,"parent":0,"menu_order":0,"comment_status":"closed","ping_status":"closed","template":"","meta":{"footnotes":""},"class_list":["post-75","page","type-page","status-publish","hentry"],"yoast_head":"<!-- This site is optimized with the Yoast SEO plugin v27.2 - https:\/\/yoast.com\/product\/yoast-seo-wordpress\/ -->\n<title>Contacta - Edugesti\u00f3<\/title>\n<meta name=\"robots\" content=\"index, follow, max-snippet:-1, max-image-preview:large, max-video-preview:-1\" \/>\n<link rel=\"canonical\" href=\"https:\/\/www.edugestio.com\/web\/contacta-2\/\" \/>\n<meta property=\"og:locale\" content=\"es_ES\" \/>\n<meta property=\"og:type\" content=\"article\" \/>\n<meta property=\"og:title\" content=\"Contacta - Edugesti\u00f3\" \/>\n<meta property=\"og:description\" content=\"Edugesti\u00f3 \u00e9s un servei de&nbsp;Duma Next, formada per professionals de la tecnologia i la comunicaci\u00f3 amb m\u00e9s de 20 anys d\u2019experi\u00e8ncia. Mitjan\u00e7ant aquest formulari pots enviar-nos qualsevol dubte o sol\u00b7licitud de pressupost i et respondrem al m\u00e9s aviat possible, o si ho prefereixes pots contactar amb nosaltres per tel\u00e8fon&nbsp;(horari d&#8217;oficina). Barcelona Murcia Este sitio est\u00e1 [&hellip;]\" \/>\n<meta property=\"og:url\" content=\"https:\/\/www.edugestio.com\/web\/contacta-2\/\" \/>\n<meta property=\"og:site_name\" content=\"Edugesti\u00f3\" \/>\n<meta property=\"article:modified_time\" content=\"2024-09-02T14:02:16+00:00\" \/>\n<meta property=\"og:image\" content=\"https:\/\/www.edugestio.com\/web\/wp-content\/uploads\/2024\/09\/Duma_logo_2022-transparent-1024x691-350x236-1.png\" \/>\n<meta name=\"twitter:card\" content=\"summary_large_image\" \/>\n<meta name=\"twitter:label1\" content=\"Tiempo de lectura\" \/>\n\t<meta name=\"twitter:data1\" content=\"1 minuto\" \/>\n<script type=\"application\/ld+json\" class=\"yoast-schema-graph\">{\"@context\":\"https:\/\/schema.org\",\"@graph\":[{\"@type\":\"WebPage\",\"@id\":\"https:\/\/www.edugestio.com\/web\/contacta-2\/\",\"url\":\"https:\/\/www.edugestio.com\/web\/contacta-2\/\",\"name\":\"Contacta - Edugesti\u00f3\",\"isPartOf\":{\"@id\":\"https:\/\/www.edugestio.com\/web\/#website\"},\"primaryImageOfPage\":{\"@id\":\"https:\/\/www.edugestio.com\/web\/contacta-2\/#primaryimage\"},\"image\":{\"@id\":\"https:\/\/www.edugestio.com\/web\/contacta-2\/#primaryimage\"},\"thumbnailUrl\":\"https:\/\/www.edugestio.com\/web\/wp-content\/uploads\/2024\/09\/Duma_logo_2022-transparent-1024x691-350x236-1.png\",\"datePublished\":\"2017-03-07T09:19:10+00:00\",\"dateModified\":\"2024-09-02T14:02:16+00:00\",\"breadcrumb\":{\"@id\":\"https:\/\/www.edugestio.com\/web\/contacta-2\/#breadcrumb\"},\"inLanguage\":\"es\",\"potentialAction\":[{\"@type\":\"ReadAction\",\"target\":[\"https:\/\/www.edugestio.com\/web\/contacta-2\/\"]}]},{\"@type\":\"ImageObject\",\"inLanguage\":\"es\",\"@id\":\"https:\/\/www.edugestio.com\/web\/contacta-2\/#primaryimage\",\"url\":\"https:\/\/www.edugestio.com\/web\/wp-content\/uploads\/2024\/09\/Duma_logo_2022-transparent-1024x691-350x236-1.png\",\"contentUrl\":\"https:\/\/www.edugestio.com\/web\/wp-content\/uploads\/2024\/09\/Duma_logo_2022-transparent-1024x691-350x236-1.png\",\"width\":350,\"height\":236},{\"@type\":\"BreadcrumbList\",\"@id\":\"https:\/\/www.edugestio.com\/web\/contacta-2\/#breadcrumb\",\"itemListElement\":[{\"@type\":\"ListItem\",\"position\":1,\"name\":\"Inici\",\"item\":\"https:\/\/www.edugestio.com\/web\/\"},{\"@type\":\"ListItem\",\"position\":2,\"name\":\"Contacta\"}]},{\"@type\":\"WebSite\",\"@id\":\"https:\/\/www.edugestio.com\/web\/#website\",\"url\":\"https:\/\/www.edugestio.com\/web\/\",\"name\":\"Edugesti\u00f3\",\"description\":\"Serveis i aplicacions completaris al vostre programa de gesti\u00f3\",\"potentialAction\":[{\"@type\":\"SearchAction\",\"target\":{\"@type\":\"EntryPoint\",\"urlTemplate\":\"https:\/\/www.edugestio.com\/web\/?s={search_term_string}\"},\"query-input\":{\"@type\":\"PropertyValueSpecification\",\"valueRequired\":true,\"valueName\":\"search_term_string\"}}],\"inLanguage\":\"es\"}]}<\/script>\n<!-- \/ Yoast SEO plugin. -->","yoast_head_json":{"title":"Contacta - Edugesti\u00f3","robots":{"index":"index","follow":"follow","max-snippet":"max-snippet:-1","max-image-preview":"max-image-preview:large","max-video-preview":"max-video-preview:-1"},"canonical":"https:\/\/www.edugestio.com\/web\/contacta-2\/","og_locale":"es_ES","og_type":"article","og_title":"Contacta - Edugesti\u00f3","og_description":"Edugesti\u00f3 \u00e9s un servei de&nbsp;Duma Next, formada per professionals de la tecnologia i la comunicaci\u00f3 amb m\u00e9s de 20 anys d\u2019experi\u00e8ncia. Mitjan\u00e7ant aquest formulari pots enviar-nos qualsevol dubte o sol\u00b7licitud de pressupost i et respondrem al m\u00e9s aviat possible, o si ho prefereixes pots contactar amb nosaltres per tel\u00e8fon&nbsp;(horari d&#8217;oficina). Barcelona Murcia Este sitio est\u00e1 [&hellip;]","og_url":"https:\/\/www.edugestio.com\/web\/contacta-2\/","og_site_name":"Edugesti\u00f3","article_modified_time":"2024-09-02T14:02:16+00:00","og_image":[{"url":"https:\/\/www.edugestio.com\/web\/wp-content\/uploads\/2024\/09\/Duma_logo_2022-transparent-1024x691-350x236-1.png","type":"","width":"","height":""}],"twitter_card":"summary_large_image","twitter_misc":{"Tiempo de lectura":"1 minuto"},"schema":{"@context":"https:\/\/schema.org","@graph":[{"@type":"WebPage","@id":"https:\/\/www.edugestio.com\/web\/contacta-2\/","url":"https:\/\/www.edugestio.com\/web\/contacta-2\/","name":"Contacta - Edugesti\u00f3","isPartOf":{"@id":"https:\/\/www.edugestio.com\/web\/#website"},"primaryImageOfPage":{"@id":"https:\/\/www.edugestio.com\/web\/contacta-2\/#primaryimage"},"image":{"@id":"https:\/\/www.edugestio.com\/web\/contacta-2\/#primaryimage"},"thumbnailUrl":"https:\/\/www.edugestio.com\/web\/wp-content\/uploads\/2024\/09\/Duma_logo_2022-transparent-1024x691-350x236-1.png","datePublished":"2017-03-07T09:19:10+00:00","dateModified":"2024-09-02T14:02:16+00:00","breadcrumb":{"@id":"https:\/\/www.edugestio.com\/web\/contacta-2\/#breadcrumb"},"inLanguage":"es","potentialAction":[{"@type":"ReadAction","target":["https:\/\/www.edugestio.com\/web\/contacta-2\/"]}]},{"@type":"ImageObject","inLanguage":"es","@id":"https:\/\/www.edugestio.com\/web\/contacta-2\/#primaryimage","url":"https:\/\/www.edugestio.com\/web\/wp-content\/uploads\/2024\/09\/Duma_logo_2022-transparent-1024x691-350x236-1.png","contentUrl":"https:\/\/www.edugestio.com\/web\/wp-content\/uploads\/2024\/09\/Duma_logo_2022-transparent-1024x691-350x236-1.png","width":350,"height":236},{"@type":"BreadcrumbList","@id":"https:\/\/www.edugestio.com\/web\/contacta-2\/#breadcrumb","itemListElement":[{"@type":"ListItem","position":1,"name":"Inici","item":"https:\/\/www.edugestio.com\/web\/"},{"@type":"ListItem","position":2,"name":"Contacta"}]},{"@type":"WebSite","@id":"https:\/\/www.edugestio.com\/web\/#website","url":"https:\/\/www.edugestio.com\/web\/","name":"Edugesti\u00f3","description":"Serveis i aplicacions completaris al vostre programa de gesti\u00f3","potentialAction":[{"@type":"SearchAction","target":{"@type":"EntryPoint","urlTemplate":"https:\/\/www.edugestio.com\/web\/?s={search_term_string}"},"query-input":{"@type":"PropertyValueSpecification","valueRequired":true,"valueName":"search_term_string"}}],"inLanguage":"es"}]}},"_links":{"self":[{"href":"https:\/\/www.edugestio.com\/web\/wp-json\/wp\/v2\/pages\/75","targetHints":{"allow":["GET"]}}],"collection":[{"href":"https:\/\/www.edugestio.com\/web\/wp-json\/wp\/v2\/pages"}],"about":[{"href":"https:\/\/www.edugestio.com\/web\/wp-json\/wp\/v2\/types\/page"}],"author":[{"embeddable":true,"href":"https:\/\/www.edugestio.com\/web\/wp-json\/wp\/v2\/users\/1"}],"replies":[{"embeddable":true,"href":"https:\/\/www.edugestio.com\/web\/wp-json\/wp\/v2\/comments?post=75"}],"version-history":[{"count":15,"href":"https:\/\/www.edugestio.com\/web\/wp-json\/wp\/v2\/pages\/75\/revisions"}],"predecessor-version":[{"id":902,"href":"https:\/\/www.edugestio.com\/web\/wp-json\/wp\/v2\/pages\/75\/revisions\/902"}],"wp:attachment":[{"href":"https:\/\/www.edugestio.com\/web\/wp-json\/wp\/v2\/media?parent=75"}],"curies":[{"name":"wp","href":"https:\/\/api.w.org\/{rel}","templated":true}]}}