{"id":912,"date":"2025-01-13T16:01:24","date_gmt":"2025-01-13T16:01:24","guid":{"rendered":"https:\/\/www.edugestio.com\/web\/?page_id=912"},"modified":"2025-12-02T16:54:39","modified_gmt":"2025-12-02T16:54:39","slug":"gestio-llibres-de-text","status":"publish","type":"page","link":"https:\/\/www.edugestio.com\/web\/gestio-llibres-de-text\/","title":{"rendered":"Gesti\u00f3 llibres de text"},"content":{"rendered":"\n<p>Edugesti\u00f3 ofereix un nou servei en gesti\u00f3 de llibres de text per a centres educatius, sense cap cost pel centre, <strong>totalment de franc<\/strong>. Ens encarreguem de tot: gesti\u00f3 amb llibreries, reserva i pagaments de les fam\u00edlies i entrega de llibres. <strong><a href=\"https:\/\/www.edugestio.com\/web\/contacta-2\/\">Demana informaci\u00f3 avui mateix<\/a>!<\/strong><\/p>\n\n\n\n<div style=\"height:50px\" aria-hidden=\"true\" class=\"wp-block-spacer\"><\/div>\n\n\n\n<div class=\"wp-block-columns is-layout-flex wp-container-core-columns-is-layout-9d6595d7 wp-block-columns-is-layout-flex\">\n<div class=\"wp-block-column is-vertically-aligned-center is-layout-flow wp-block-column-is-layout-flow\">\n<div class=\"wp-block-group is-nowrap is-layout-flex wp-container-core-group-is-layout-ad2f72ca wp-block-group-is-layout-flex\">\n<div class=\"wp-block-group is-vertical is-layout-flex wp-container-core-group-is-layout-8cf370e7 wp-block-group-is-layout-flex\">\n<h4 class=\"wp-block-heading has-text-align-right\">Un servei completament gratu\u00eft per al teu centre educatiu<\/h4>\n\n\n\n<p class=\"has-text-align-right has-small-font-size\">Nosaltres arribarem a un acord amb la llibreria per obtenir una comissi\u00f3.<\/p>\n<\/div>\n\n\n\n<figure class=\"wp-block-image size-full is-resized\"><img loading=\"lazy\" decoding=\"async\" width=\"512\" height=\"512\" src=\"https:\/\/www.edugestio.com\/web\/wp-content\/uploads\/2025\/01\/ahorro.png\" alt=\"\" class=\"wp-image-925\" style=\"width:150px\" srcset=\"https:\/\/www.edugestio.com\/web\/wp-content\/uploads\/2025\/01\/ahorro.png 512w, https:\/\/www.edugestio.com\/web\/wp-content\/uploads\/2025\/01\/ahorro-300x300.png 300w, https:\/\/www.edugestio.com\/web\/wp-content\/uploads\/2025\/01\/ahorro-150x150.png 150w\" sizes=\"auto, (max-width: 512px) 100vw, 512px\" \/><\/figure>\n<\/div>\n\n\n\n<div style=\"height:50px\" aria-hidden=\"true\" class=\"wp-block-spacer\"><\/div>\n\n\n\n<div class=\"wp-block-group is-nowrap is-layout-flex wp-container-core-group-is-layout-ad2f72ca wp-block-group-is-layout-flex\">\n<div class=\"wp-block-group is-vertical is-layout-flex wp-container-core-group-is-layout-8cf370e7 wp-block-group-is-layout-flex\">\n<h4 class=\"wp-block-heading has-text-align-right\">Reserva i paga des de l\u2019App Comunicapp, o via web, f\u00e0cil i r\u00e0pid<\/h4>\n\n\n\n<p class=\"has-text-align-right has-small-font-size\">Les fam\u00edlies podran reservar els llibres des de la nostra App (<a href=\"https:\/\/www.edugestio.com\/web\/comunicapp-edu\/\">Comunicapp<\/a>),  o per web, o fins i tot pagar-los online.<\/p>\n<\/div>\n\n\n\n<figure class=\"wp-block-image size-full is-resized\"><img loading=\"lazy\" decoding=\"async\" width=\"512\" height=\"512\" src=\"https:\/\/www.edugestio.com\/web\/wp-content\/uploads\/2025\/01\/smartphone.png\" alt=\"\" class=\"wp-image-922\" style=\"width:150px\" srcset=\"https:\/\/www.edugestio.com\/web\/wp-content\/uploads\/2025\/01\/smartphone.png 512w, https:\/\/www.edugestio.com\/web\/wp-content\/uploads\/2025\/01\/smartphone-300x300.png 300w, https:\/\/www.edugestio.com\/web\/wp-content\/uploads\/2025\/01\/smartphone-150x150.png 150w\" sizes=\"auto, (max-width: 512px) 100vw, 512px\" \/><\/figure>\n<\/div>\n<\/div>\n\n\n\n<div class=\"wp-block-column is-vertically-aligned-center is-layout-flow wp-block-column-is-layout-flow\">\n<div class=\"wp-block-group is-vertical is-content-justification-center is-layout-flex wp-container-core-group-is-layout-4b2eccd6 wp-block-group-is-layout-flex\">\n<div class=\"wp-block-group is-vertical is-layout-flex wp-container-core-group-is-layout-8cf370e7 wp-block-group-is-layout-flex\">\n<h4 class=\"wp-block-heading has-text-align-center\">Els teus llibres, amb les millors condicions i sense complicacions<\/h4>\n\n\n\n<p class=\"has-text-align-center has-small-font-size\">Nosaltres ens encarreguem de tot. Edugesti\u00f3 t\u2019ho posa f\u00e0cil perqu\u00e8 tu et concentris en l\u2019educaci\u00f3.<\/p>\n<\/div>\n\n\n\n<figure class=\"wp-block-image size-full is-resized\"><img loading=\"lazy\" decoding=\"async\" width=\"512\" height=\"512\" src=\"https:\/\/www.edugestio.com\/web\/wp-content\/uploads\/2025\/01\/libros.png\" alt=\"\" class=\"wp-image-920\" style=\"width:100px\" srcset=\"https:\/\/www.edugestio.com\/web\/wp-content\/uploads\/2025\/01\/libros.png 512w, https:\/\/www.edugestio.com\/web\/wp-content\/uploads\/2025\/01\/libros-300x300.png 300w, https:\/\/www.edugestio.com\/web\/wp-content\/uploads\/2025\/01\/libros-150x150.png 150w\" sizes=\"auto, (max-width: 512px) 100vw, 512px\" \/><\/figure>\n<\/div>\n\n\n\n<div style=\"height:25px\" aria-hidden=\"true\" class=\"wp-block-spacer\"><\/div>\n\n\n\n<div class=\"wp-block-group is-vertical is-layout-flex wp-container-core-group-is-layout-8cf370e7 wp-block-group-is-layout-flex\">\n<figure class=\"wp-block-image size-full\"><img loading=\"lazy\" decoding=\"async\" width=\"658\" height=\"160\" src=\"https:\/\/www.edugestio.com\/web\/wp-content\/uploads\/2017\/03\/Logo-Edugestio_2017.jpg\" alt=\"\" class=\"wp-image-125\" srcset=\"https:\/\/www.edugestio.com\/web\/wp-content\/uploads\/2017\/03\/Logo-Edugestio_2017.jpg 658w, https:\/\/www.edugestio.com\/web\/wp-content\/uploads\/2017\/03\/Logo-Edugestio_2017-300x73.jpg 300w\" sizes=\"auto, (max-width: 658px) 100vw, 658px\" \/><\/figure>\n<\/div>\n\n\n\n<div style=\"height:25px\" aria-hidden=\"true\" class=\"wp-block-spacer\"><\/div>\n\n\n\n<div class=\"wp-block-group is-vertical is-content-justification-center is-layout-flex wp-container-core-group-is-layout-4b2eccd6 wp-block-group-is-layout-flex\">\n<figure class=\"wp-block-image size-full is-resized\"><img loading=\"lazy\" decoding=\"async\" width=\"512\" height=\"512\" src=\"https:\/\/www.edugestio.com\/web\/wp-content\/uploads\/2025\/01\/certificado.png\" alt=\"\" class=\"wp-image-924\" style=\"width:80px\" srcset=\"https:\/\/www.edugestio.com\/web\/wp-content\/uploads\/2025\/01\/certificado.png 512w, https:\/\/www.edugestio.com\/web\/wp-content\/uploads\/2025\/01\/certificado-300x300.png 300w, https:\/\/www.edugestio.com\/web\/wp-content\/uploads\/2025\/01\/certificado-150x150.png 150w\" sizes=\"auto, (max-width: 512px) 100vw, 512px\" \/><\/figure>\n\n\n\n<div class=\"wp-block-group is-vertical is-layout-flex wp-container-core-group-is-layout-8cf370e7 wp-block-group-is-layout-flex\">\n<h4 class=\"wp-block-heading has-text-align-center\">Incloem llic\u00e8ncies digitals i material escolar, tot des d\u2019un \u00fanic servei<\/h4>\n\n\n\n<p class=\"has-text-align-center has-small-font-size\">Podem incloure llibres, llic\u00e8ncies digitals i material escolar.<\/p>\n<\/div>\n<\/div>\n<\/div>\n\n\n\n<div class=\"wp-block-column is-vertically-aligned-center is-layout-flow wp-block-column-is-layout-flow\">\n<div class=\"wp-block-group is-nowrap is-layout-flex wp-container-core-group-is-layout-ad2f72ca wp-block-group-is-layout-flex\">\n<figure class=\"wp-block-image size-full is-resized\"><img loading=\"lazy\" decoding=\"async\" width=\"512\" height=\"512\" src=\"https:\/\/www.edugestio.com\/web\/wp-content\/uploads\/2025\/01\/planeta-tierra.png\" alt=\"\" class=\"wp-image-921\" style=\"width:150px\" srcset=\"https:\/\/www.edugestio.com\/web\/wp-content\/uploads\/2025\/01\/planeta-tierra.png 512w, https:\/\/www.edugestio.com\/web\/wp-content\/uploads\/2025\/01\/planeta-tierra-300x300.png 300w, https:\/\/www.edugestio.com\/web\/wp-content\/uploads\/2025\/01\/planeta-tierra-150x150.png 150w\" sizes=\"auto, (max-width: 512px) 100vw, 512px\" \/><\/figure>\n\n\n\n<div class=\"wp-block-group is-vertical is-layout-flex wp-container-core-group-is-layout-8cf370e7 wp-block-group-is-layout-flex\">\n<h4 class=\"wp-block-heading\">Ens encarreguem de tot: cerca local, millor oferta, i gesti\u00f3 amb llibreries.<\/h4>\n\n\n\n<p class=\"has-small-font-size\">Nosaltres busquem a la zona geogr\u00e0fica del centre, la millor oferta en llibreries.<\/p>\n<\/div>\n<\/div>\n\n\n\n<div style=\"height:50px\" aria-hidden=\"true\" class=\"wp-block-spacer\"><\/div>\n\n\n\n<div class=\"wp-block-group is-nowrap is-layout-flex wp-container-core-group-is-layout-ad2f72ca wp-block-group-is-layout-flex\">\n<figure class=\"wp-block-image size-full is-resized\"><img loading=\"lazy\" decoding=\"async\" width=\"512\" height=\"512\" src=\"https:\/\/www.edugestio.com\/web\/wp-content\/uploads\/2025\/01\/camion-reparto.png\" alt=\"\" class=\"wp-image-923\" style=\"width:150px\" srcset=\"https:\/\/www.edugestio.com\/web\/wp-content\/uploads\/2025\/01\/camion-reparto.png 512w, https:\/\/www.edugestio.com\/web\/wp-content\/uploads\/2025\/01\/camion-reparto-300x300.png 300w, https:\/\/www.edugestio.com\/web\/wp-content\/uploads\/2025\/01\/camion-reparto-150x150.png 150w\" sizes=\"auto, (max-width: 512px) 100vw, 512px\" \/><\/figure>\n\n\n\n<div class=\"wp-block-group is-vertical is-layout-flex wp-container-core-group-is-layout-8cf370e7 wp-block-group-is-layout-flex\">\n<h4 class=\"wp-block-heading\">Lliurament a mida: a l\u2019escola, a casa o directament a la llibreria<\/h4>\n\n\n\n<p class=\"has-small-font-size\">L\u2019entrega de llibres dependr\u00e0 de la llibreria, per\u00f2 podr\u00e0 ser f\u00edsicament, per enviament a domicili, o a l\u2019escola.<\/p>\n<\/div>\n<\/div>\n<\/div>\n<\/div>\n\n\n\n<div style=\"height:50px\" aria-hidden=\"true\" class=\"wp-block-spacer\"><\/div>\n\n\n\n<div class=\"wp-block-cover alignfull\" style=\"margin-top:0;padding-top:5vw;padding-right:5vw;padding-bottom:5vw;padding-left:5vw\"><img loading=\"lazy\" decoding=\"async\" width=\"1280\" height=\"848\" class=\"wp-block-cover__image-background wp-image-977\" alt=\"\" src=\"https:\/\/www.edugestio.com\/web\/wp-content\/uploads\/2025\/01\/apple-256261_1280.jpg\" data-object-fit=\"cover\" srcset=\"https:\/\/www.edugestio.com\/web\/wp-content\/uploads\/2025\/01\/apple-256261_1280.jpg 1280w, https:\/\/www.edugestio.com\/web\/wp-content\/uploads\/2025\/01\/apple-256261_1280-300x199.jpg 300w, https:\/\/www.edugestio.com\/web\/wp-content\/uploads\/2025\/01\/apple-256261_1280-1024x678.jpg 1024w, https:\/\/www.edugestio.com\/web\/wp-content\/uploads\/2025\/01\/apple-256261_1280-768x509.jpg 768w\" sizes=\"auto, (max-width: 1280px) 100vw, 1280px\" \/><span aria-hidden=\"true\" class=\"wp-block-cover__background has-black-background-color has-background-dim\"><\/span><div class=\"wp-block-cover__inner-container is-layout-flow wp-block-cover-is-layout-flow\">\n<div class=\"wp-block-group is-layout-flex wp-container-core-group-is-layout-7f408244 wp-block-group-is-layout-flex\">\n<div class=\"wp-block-group wp-container-content-9cfa9a5a\"><div class=\"wp-block-group__inner-container is-layout-flow wp-block-group-is-layout-flow\">\n<p class=\"has-text-align-left\" style=\"font-size:48px;font-style:normal;font-weight:700;letter-spacing:2px;line-height:0.9;text-transform:none\">Edugesti\u00f3 t\u2019ho posa f\u00e0cil <\/p>\n\n\n\n<p class=\"has-text-align-left has-white-color has-text-color has-x-large-font-size\" style=\"font-style:normal;font-weight:700;letter-spacing:-4px;line-height:0.9;text-transform:none\">perqu\u00e8 tu et concentris en l\u2019educaci\u00f3<\/p>\n\n\n\n<div style=\"height:25px;width:0px\" aria-hidden=\"true\" class=\"wp-block-spacer\"><\/div>\n<\/div><\/div>\n\n\n\n<div class=\"wp-block-group wp-container-content-5b91cf2b is-vertical is-nowrap is-layout-flex wp-container-core-group-is-layout-07e09966 wp-block-group-is-layout-flex\">\n<div class=\"wp-block-buttons is-layout-flex wp-block-buttons-is-layout-flex\">\n<div class=\"wp-block-button\"><a class=\"wp-block-button__link has-vivid-green-cyan-background-color has-background has-text-align-center wp-element-button\" href=\"https:\/\/www.edugestio.com\/web\/contacta-2\/\">Demana informaci\u00f3!<\/a><\/div>\n<\/div>\n<\/div>\n<\/div>\n<\/div><\/div>\n\n\n\n<div style=\"height:50px\" aria-hidden=\"true\" class=\"wp-block-spacer\"><\/div>\n\n\n\n<h2 class=\"wp-block-heading\">Com ho fem?<\/h2>\n\n\n\n<ul class=\"wp-block-list\">\n<li>El centre ens fa arribar la llista de llibres. Podem incloure llic\u00e8ncies digitals i material escolar.<\/li>\n\n\n\n<li>Nosaltres busquem a la zona geogr\u00e0fica del centre, la millor oferta en llibreries.<\/li>\n\n\n\n<li>Arribem a un acord amb la llibreria i els passem la llista de llibres.<\/li>\n\n\n\n<li>Les fam\u00edlies podran reservar els llibres des de la nostra App (Comunicapp), o fins i tot pagar-los online.<\/li>\n\n\n\n<li>L\u2019entrega de llibres dependr\u00e0 de la llibreria, per\u00f2 podr\u00e0 ser f\u00edsicament, per enviament a domicili, o a l\u2019escola. <\/li>\n<\/ul>\n\n\n\n<div style=\"height:50px\" aria-hidden=\"true\" class=\"wp-block-spacer\"><\/div>\n\n\n\n<div class=\"wp-block-columns is-layout-flex wp-container-core-columns-is-layout-9d6595d7 wp-block-columns-is-layout-flex\">\n<div class=\"wp-block-column is-vertically-aligned-center is-layout-flow wp-block-column-is-layout-flow\">\n<h2 class=\"wp-block-heading has-text-align-center\">No coneixes la nostra App?<\/h2>\n<\/div>\n\n\n\n<div class=\"wp-block-column is-vertically-aligned-center is-layout-flow wp-block-column-is-layout-flow\"><div class=\"wp-block-image\">\n<figure class=\"aligncenter size-full is-resized\"><a href=\"https:\/\/www.edugestio.com\/web\/comunicapp-edu\/\"><img loading=\"lazy\" decoding=\"async\" width=\"782\" height=\"168\" src=\"https:\/\/www.edugestio.com\/web\/wp-content\/uploads\/2022\/09\/comunicAPPEDU.png\" alt=\"\" class=\"wp-image-657\" style=\"width:450px\" srcset=\"https:\/\/www.edugestio.com\/web\/wp-content\/uploads\/2022\/09\/comunicAPPEDU.png 782w, https:\/\/www.edugestio.com\/web\/wp-content\/uploads\/2022\/09\/comunicAPPEDU-300x64.png 300w, https:\/\/www.edugestio.com\/web\/wp-content\/uploads\/2022\/09\/comunicAPPEDU-768x165.png 768w\" sizes=\"auto, (max-width: 782px) 100vw, 782px\" \/><\/a><\/figure>\n<\/div>\n\n\n<p class=\"has-text-align-center\" style=\"font-size:16px\">la millor App per escoles, instituts, acad\u00e8mies i AFAs<\/p>\n<\/div>\n<\/div>\n\n\n\n<div style=\"height:50px\" aria-hidden=\"true\" class=\"wp-block-spacer\"><\/div>\n\n\n\n<div class=\"wp-block-group has-pale-ocean-gradient-background has-background\"><div class=\"wp-block-group__inner-container is-layout-constrained wp-block-group-is-layout-constrained\">\n<div style=\"height:25px\" aria-hidden=\"true\" class=\"wp-block-spacer\"><\/div>\n\n\n\n<h2 class=\"wp-block-heading has-text-align-center\">Contacta amb nosaltres<\/h2>\n\n\n\n<p class=\"has-text-align-center\" style=\"font-size:16px\">Si vols m\u00e9s informaci\u00f3 o exemples de funcionament posa\u2019t en contacte amb nosaltres<\/p>\n\n\n\n<div class=\"wp-block-group is-content-justification-center is-nowrap is-layout-flex wp-container-core-group-is-layout-94bc23d7 wp-block-group-is-layout-flex\">\n<p class=\"has-text-align-center\"><img decoding=\"async\" draggable=\"false\" role=\"img\" class=\"emoji\" alt=\"tel\" src=\"https:\/\/s.w.org\/images\/core\/emoji\/16.0.1\/svg\/1f4de.svg\"> <strong>930.133.503<\/strong><\/p>\n\n\n\n<p><\/p>\n\n\n\n<p class=\"has-text-align-center\"><img decoding=\"async\" draggable=\"false\" role=\"img\" class=\"emoji\" alt=\"email\" src=\"https:\/\/s.w.org\/images\/core\/emoji\/16.0.1\/svg\/1f4e7.svg\"> <a href=\"mailto:info@dumainteractiva.com\"><strong>info@dumainteractiva.com<\/strong><\/a><\/p>\n<\/div>\n\n\n\n<div style=\"height:25px\" aria-hidden=\"true\" class=\"wp-block-spacer\"><\/div>\n\n\n\n<div class=\"wp-block-buttons is-content-justification-center is-layout-flex wp-container-core-buttons-is-layout-16018d1d wp-block-buttons-is-layout-flex\">\n<div class=\"wp-block-button\"><a class=\"wp-block-button__link has-vivid-cyan-blue-background-color has-background has-text-align-center wp-element-button\" href=\"https:\/\/www.edugestio.com\/web\/contacta-2\/\">Demana informaci\u00f3!<\/a><\/div>\n<\/div>\n\n\n\n<div style=\"height:25px\" aria-hidden=\"true\" class=\"wp-block-spacer\"><\/div>\n<\/div><\/div>\n","protected":false},"excerpt":{"rendered":"<p class=\"qua-blog-post-description\">Edugesti\u00f3 ofereix un nou servei en gesti\u00f3 de llibres de text per a centres educatius, sense cap cost pel centre, totalment de franc. Ens encarreguem de tot: gesti\u00f3 amb llibreries, reserva i pagaments de les fam\u00edlies i entrega de llibres. Demana informaci\u00f3 avui mateix! Un servei completament gratu\u00eft per al teu centre educatiu Nosaltres arribarem [&hellip;]<\/p>\n","protected":false},"author":1,"featured_media":0,"parent":0,"menu_order":0,"comment_status":"closed","ping_status":"closed","template":"","meta":{"footnotes":""},"class_list":["post-912","page","type-page","status-publish","hentry"],"yoast_head":"<!-- This site is optimized with the Yoast SEO plugin v27.2 - https:\/\/yoast.com\/product\/yoast-seo-wordpress\/ -->\n<title>Gesti\u00f3 llibres de text - Edugesti\u00f3<\/title>\n<meta name=\"robots\" content=\"index, follow, max-snippet:-1, max-image-preview:large, max-video-preview:-1\" \/>\n<link rel=\"canonical\" href=\"https:\/\/www.edugestio.com\/web\/gestio-llibres-de-text\/\" \/>\n<meta property=\"og:locale\" content=\"es_ES\" \/>\n<meta property=\"og:type\" content=\"article\" \/>\n<meta property=\"og:title\" content=\"Gesti\u00f3 llibres de text - Edugesti\u00f3\" \/>\n<meta property=\"og:description\" content=\"Edugesti\u00f3 ofereix un nou servei en gesti\u00f3 de llibres de text per a centres educatius, sense cap cost pel centre, totalment de franc. Ens encarreguem de tot: gesti\u00f3 amb llibreries, reserva i pagaments de les fam\u00edlies i entrega de llibres. Demana informaci\u00f3 avui mateix! Un servei completament gratu\u00eft per al teu centre educatiu Nosaltres arribarem [&hellip;]\" \/>\n<meta property=\"og:url\" content=\"https:\/\/www.edugestio.com\/web\/gestio-llibres-de-text\/\" \/>\n<meta property=\"og:site_name\" content=\"Edugesti\u00f3\" \/>\n<meta property=\"article:modified_time\" content=\"2025-12-02T16:54:39+00:00\" \/>\n<meta property=\"og:image\" content=\"https:\/\/www.edugestio.com\/web\/wp-content\/uploads\/2025\/01\/ahorro.png\" \/>\n\t<meta property=\"og:image:width\" content=\"512\" \/>\n\t<meta property=\"og:image:height\" content=\"512\" \/>\n\t<meta property=\"og:image:type\" content=\"image\/png\" \/>\n<meta name=\"twitter:card\" content=\"summary_large_image\" \/>\n<meta name=\"twitter:label1\" content=\"Tiempo de lectura\" \/>\n\t<meta name=\"twitter:data1\" content=\"7 minutos\" \/>\n<script type=\"application\/ld+json\" class=\"yoast-schema-graph\">{\"@context\":\"https:\/\/schema.org\",\"@graph\":[{\"@type\":\"WebPage\",\"@id\":\"https:\/\/www.edugestio.com\/web\/gestio-llibres-de-text\/\",\"url\":\"https:\/\/www.edugestio.com\/web\/gestio-llibres-de-text\/\",\"name\":\"Gesti\u00f3 llibres de text - Edugesti\u00f3\",\"isPartOf\":{\"@id\":\"https:\/\/www.edugestio.com\/web\/#website\"},\"primaryImageOfPage\":{\"@id\":\"https:\/\/www.edugestio.com\/web\/gestio-llibres-de-text\/#primaryimage\"},\"image\":{\"@id\":\"https:\/\/www.edugestio.com\/web\/gestio-llibres-de-text\/#primaryimage\"},\"thumbnailUrl\":\"https:\/\/www.edugestio.com\/web\/wp-content\/uploads\/2025\/01\/ahorro.png\",\"datePublished\":\"2025-01-13T16:01:24+00:00\",\"dateModified\":\"2025-12-02T16:54:39+00:00\",\"breadcrumb\":{\"@id\":\"https:\/\/www.edugestio.com\/web\/gestio-llibres-de-text\/#breadcrumb\"},\"inLanguage\":\"es\",\"potentialAction\":[{\"@type\":\"ReadAction\",\"target\":[\"https:\/\/www.edugestio.com\/web\/gestio-llibres-de-text\/\"]}]},{\"@type\":\"ImageObject\",\"inLanguage\":\"es\",\"@id\":\"https:\/\/www.edugestio.com\/web\/gestio-llibres-de-text\/#primaryimage\",\"url\":\"https:\/\/www.edugestio.com\/web\/wp-content\/uploads\/2025\/01\/ahorro.png\",\"contentUrl\":\"https:\/\/www.edugestio.com\/web\/wp-content\/uploads\/2025\/01\/ahorro.png\",\"width\":512,\"height\":512},{\"@type\":\"BreadcrumbList\",\"@id\":\"https:\/\/www.edugestio.com\/web\/gestio-llibres-de-text\/#breadcrumb\",\"itemListElement\":[{\"@type\":\"ListItem\",\"position\":1,\"name\":\"Inici\",\"item\":\"https:\/\/www.edugestio.com\/web\/\"},{\"@type\":\"ListItem\",\"position\":2,\"name\":\"Gesti\u00f3 llibres de text\"}]},{\"@type\":\"WebSite\",\"@id\":\"https:\/\/www.edugestio.com\/web\/#website\",\"url\":\"https:\/\/www.edugestio.com\/web\/\",\"name\":\"Edugesti\u00f3\",\"description\":\"Serveis i aplicacions completaris al vostre programa de gesti\u00f3\",\"potentialAction\":[{\"@type\":\"SearchAction\",\"target\":{\"@type\":\"EntryPoint\",\"urlTemplate\":\"https:\/\/www.edugestio.com\/web\/?s={search_term_string}\"},\"query-input\":{\"@type\":\"PropertyValueSpecification\",\"valueRequired\":true,\"valueName\":\"search_term_string\"}}],\"inLanguage\":\"es\"}]}<\/script>\n<!-- \/ Yoast SEO plugin. -->","yoast_head_json":{"title":"Gesti\u00f3 llibres de text - Edugesti\u00f3","robots":{"index":"index","follow":"follow","max-snippet":"max-snippet:-1","max-image-preview":"max-image-preview:large","max-video-preview":"max-video-preview:-1"},"canonical":"https:\/\/www.edugestio.com\/web\/gestio-llibres-de-text\/","og_locale":"es_ES","og_type":"article","og_title":"Gesti\u00f3 llibres de text - Edugesti\u00f3","og_description":"Edugesti\u00f3 ofereix un nou servei en gesti\u00f3 de llibres de text per a centres educatius, sense cap cost pel centre, totalment de franc. Ens encarreguem de tot: gesti\u00f3 amb llibreries, reserva i pagaments de les fam\u00edlies i entrega de llibres. Demana informaci\u00f3 avui mateix! Un servei completament gratu\u00eft per al teu centre educatiu Nosaltres arribarem [&hellip;]","og_url":"https:\/\/www.edugestio.com\/web\/gestio-llibres-de-text\/","og_site_name":"Edugesti\u00f3","article_modified_time":"2025-12-02T16:54:39+00:00","og_image":[{"width":512,"height":512,"url":"https:\/\/www.edugestio.com\/web\/wp-content\/uploads\/2025\/01\/ahorro.png","type":"image\/png"}],"twitter_card":"summary_large_image","twitter_misc":{"Tiempo de lectura":"7 minutos"},"schema":{"@context":"https:\/\/schema.org","@graph":[{"@type":"WebPage","@id":"https:\/\/www.edugestio.com\/web\/gestio-llibres-de-text\/","url":"https:\/\/www.edugestio.com\/web\/gestio-llibres-de-text\/","name":"Gesti\u00f3 llibres de text - Edugesti\u00f3","isPartOf":{"@id":"https:\/\/www.edugestio.com\/web\/#website"},"primaryImageOfPage":{"@id":"https:\/\/www.edugestio.com\/web\/gestio-llibres-de-text\/#primaryimage"},"image":{"@id":"https:\/\/www.edugestio.com\/web\/gestio-llibres-de-text\/#primaryimage"},"thumbnailUrl":"https:\/\/www.edugestio.com\/web\/wp-content\/uploads\/2025\/01\/ahorro.png","datePublished":"2025-01-13T16:01:24+00:00","dateModified":"2025-12-02T16:54:39+00:00","breadcrumb":{"@id":"https:\/\/www.edugestio.com\/web\/gestio-llibres-de-text\/#breadcrumb"},"inLanguage":"es","potentialAction":[{"@type":"ReadAction","target":["https:\/\/www.edugestio.com\/web\/gestio-llibres-de-text\/"]}]},{"@type":"ImageObject","inLanguage":"es","@id":"https:\/\/www.edugestio.com\/web\/gestio-llibres-de-text\/#primaryimage","url":"https:\/\/www.edugestio.com\/web\/wp-content\/uploads\/2025\/01\/ahorro.png","contentUrl":"https:\/\/www.edugestio.com\/web\/wp-content\/uploads\/2025\/01\/ahorro.png","width":512,"height":512},{"@type":"BreadcrumbList","@id":"https:\/\/www.edugestio.com\/web\/gestio-llibres-de-text\/#breadcrumb","itemListElement":[{"@type":"ListItem","position":1,"name":"Inici","item":"https:\/\/www.edugestio.com\/web\/"},{"@type":"ListItem","position":2,"name":"Gesti\u00f3 llibres de text"}]},{"@type":"WebSite","@id":"https:\/\/www.edugestio.com\/web\/#website","url":"https:\/\/www.edugestio.com\/web\/","name":"Edugesti\u00f3","description":"Serveis i aplicacions completaris al vostre programa de gesti\u00f3","potentialAction":[{"@type":"SearchAction","target":{"@type":"EntryPoint","urlTemplate":"https:\/\/www.edugestio.com\/web\/?s={search_term_string}"},"query-input":{"@type":"PropertyValueSpecification","valueRequired":true,"valueName":"search_term_string"}}],"inLanguage":"es"}]}},"_links":{"self":[{"href":"https:\/\/www.edugestio.com\/web\/wp-json\/wp\/v2\/pages\/912","targetHints":{"allow":["GET"]}}],"collection":[{"href":"https:\/\/www.edugestio.com\/web\/wp-json\/wp\/v2\/pages"}],"about":[{"href":"https:\/\/www.edugestio.com\/web\/wp-json\/wp\/v2\/types\/page"}],"author":[{"embeddable":true,"href":"https:\/\/www.edugestio.com\/web\/wp-json\/wp\/v2\/users\/1"}],"replies":[{"embeddable":true,"href":"https:\/\/www.edugestio.com\/web\/wp-json\/wp\/v2\/comments?post=912"}],"version-history":[{"count":62,"href":"https:\/\/www.edugestio.com\/web\/wp-json\/wp\/v2\/pages\/912\/revisions"}],"predecessor-version":[{"id":1078,"href":"https:\/\/www.edugestio.com\/web\/wp-json\/wp\/v2\/pages\/912\/revisions\/1078"}],"wp:attachment":[{"href":"https:\/\/www.edugestio.com\/web\/wp-json\/wp\/v2\/media?parent=912"}],"curies":[{"name":"wp","href":"https:\/\/api.w.org\/{rel}","templated":true}]}}